 1. Suppose 24*f = 1166 + 2818. Let r = k + f. List the prime factors of r.
3, 19
Let b(t) = -6*t + 13. Let j be b(-9). Let l = j + -10. What are the prime factors of l?
3, 19
List the prime factors of 5978/8 + -1*3/(-4).
2, 11, 17
Suppose -14*z + 1398 = -11*z - 4*b, 4*z = b + 1864. What are the prime factors of z?
2, 233
Suppose 0 = -3*i - 5 - 4, -i - 139 = -4*n. List the prime factors of n.
2, 17
Let j be (1/2)/((-8)/(-16)). Let m be (j + 1)*7*-1. Let b = m + 23. What are the prime factors of b?
3
Suppose 0 = 2*k + 2, 29*k = -5*s + 24*k + 9990. List the prime factors of s.
1999
Suppose -2*w - 5*h + 3 = -9, -9 = -w - h. Suppose 0 = w*y - 7*y - 20. Let r(b) = 6*b + 12. List the prime factors of r(y).
2, 3, 7
Let g(o) be the first derivative of -o**4/4 - 5*o**2/2 + 4*o + 1. Let z(h) = h**3 + 5*h**2 - 23*h - 111. Let n be z(-4). What are the prime factors of g(n)?
2, 23
Let q = -2754 + 8254. What are the prime factors of q?
2, 5, 11
Suppose 19*r = 7244 + 17646. What are the prime factors of r?
2, 5, 131
Suppose 18*q + 4664 + 448 = 0. Let c = q - -406. What are the prime factors of c?
2, 61
Suppose -h - 12 = 2*h. Let i(w) = -2*w + 22. What are the prime factors of i(h)?
2, 3, 5
Let s(m) = 5*m**2 + 21*m + 135. What are the prime factors of s(-30)?
3, 5, 89
Let t(x) = 18*x + 31. Let b be t(-7). Let i = -30 - b. What are the prime factors of i?
5, 13
Let z be (10/(-20))/(-2 + 63/30). Let g(f) = -40*f - 8. List the prime factors of g(z).
2, 3
Suppose -2*v - 2 = -4*v - 4*d, -4*v + 2*d + 14 = 0. Let m(f) = -f**2 + f**3 - f - f - v*f + 4. What are the prime factors of m(3)?
7
Let f(z) = -22*z + 20. Let l be 7 - 14 - (0 - 2). List the prime factors of f(l).
2, 5, 13
Let d(v) = -2*v - 23. Let x be d(-11). List the prime factors of x/2 + 11/2.
5
Suppose 4*s - 2*v - 90 + 10 = 0, 4*v + 6 = s. Let p be s + 3*4/(-6). Let y = 34 - p. List the prime factors of y.
2, 7
Let a be 7/((-7)/18) - -3. List the prime factors of ((-9)/3)/(a/80).
2
Suppose -18*j + 18792 = 6912. What are the prime factors of j?
2, 3, 5, 11
Suppose -2*h = -4*p + 38, p + 0*h = -2*h + 22. Suppose -2*d = -0*d + 2*u - 20, -u - 44 = -5*d. Suppose -d*b = -p*b + 105. What are the prime factors of b?
5, 7
Let f be (-9)/15*(-26 - -6). Suppose -4*u - 8 = -3*v, 3*u - 31 = -4*v - f. Let c = v + 12. List the prime factors of c.
2
Let q be (-1)/(-1 - 1/(-2)). Suppose -q*c = -3*c + 28. List the prime factors of c.
2, 7
Suppose 3*k - 4*t - 19 = 0, -t - 3 = 2*k - 12. Suppose u = 4*w + 16, -23 = -u - u + k*w. Let v(s) = -s**2 + 5*s. What are the prime factors of v(u)?
2
Let p(y) = 93*y - 50. List the prime factors of p(15).
5, 269
List the prime factors of 417/(3 + (10 + 0)/(-5)).
3, 139
Suppose 8 = -0*k + k. Let p(m) = 3 + 11*m - 52*m**3 + 51*m**3 + 7*m**2 - 13. What are the prime factors of p(k)?
2, 7
Suppose 0*c = c - 3. Let k be 169/39 + 1/(-3). Suppose -k*q + 50 = 3*f - 35, 0 = -c*f - 15. List the prime factors of q.
5
Suppose -j = 2*r + 2*r - 776, 4*j - 4*r - 3004 = 0. What are the prime factors of j?
2, 3, 7
Suppose 572 = -4*k - 4*d, 29 = k - 2*d + 184. Let m = k + 387. List the prime factors of m.
2, 3, 5
List the prime factors of 909 - 3*(-3)/9.
2, 5, 7, 13
Let v(l) = 1 - 3*l**2 - 6 - 3*l**3 + 2*l**3 + 3*l - l**2. Let g be v(-5). Suppose -2*h - g = -p + 4, 0 = h - 5. List the prime factors of p.
19
Let d(t) = -2*t**2 - 1. Let z be d(2). Let n(b) = b**2 + 3*b + 27. List the prime factors of n(z).
3
What are the prime factors of (-60)/(-8)*(-1)/(3/(-286))?
5, 11, 13
Let h(w) be the third derivative of w**4/2 + 7*w**3/6 - 9*w**2. List the prime factors of h(6).
79
Suppose 28*q - 15 = 25*q. Suppose 5*r = -q*r + 2180. List the prime factors of r.
2, 109
Let z(h) = -9*h + 28. Let d be z(-14). Let l = d - -81. What are the prime factors of l?
5, 47
Suppose x - 192 = 4*q - 8*q, 3*q = -15. List the prime factors of x.
2, 53
Let h(o) = -13*o - 3. Let r be -2 + 4 + 1 - (-3 + 9). List the prime factors of h(r).
2, 3
Let d(m) = -135*m**2 - 7*m + 7. Let n be d(1). List the prime factors of (-1)/(-1) - -4 - n.
2, 5, 7
Let u(b) = 21*b**3 + 37*b**2 + b + 4. What are the prime factors of u(5)?
3559
Suppose 99160 = 94*w - 57*w. List the prime factors of w.
2, 5, 67
Suppose 2*h - 3*h - z + 119 = 0, -3*z = -3*h + 357. Let i = 37 + h. What are the prime factors of i?
2, 3, 13
Suppose 3*f + 5*x - 30 = 8*f, -2*f = 5*x - 9. List the prime factors of (-161 - (6 + f))*(-6)/8.
3, 41
Suppose 11*c + 4*q = 6*c + 4012, c - 788 = 4*q. What are the prime factors of c?
2, 5
Suppose 4*f - 4*y = y + 63, -y = 2*f - 21. Let r(a) = 3*a + 11*a + 0*a + 11 - a**2. List the prime factors of r(f).
5, 7
Suppose -2281 = -13*p + 579. Suppose 4*j - 4*l - p = 0, 5*j - 2*l = 2*j + 170. List the prime factors of j.
2, 3, 5
Let l = -934 + 1214. What are the prime factors of l?
2, 5, 7
Let b(u) be the second derivative of 11*u**4/4 - u**3/6 + u**2 - 8*u. Let z be b(2). Suppose 3*s - x = x + 85, -4*s - 2*x = -z. What are the prime factors of s?
31
Let t(k) = k**3 + k**2 + 23*k - 4. What are the prime factors of t(4)?
2, 3, 7
Let o = 20 - 10. Let i = o + -14. Let l = 61 + i. List the prime factors of l.
3, 19
Suppose 2*a + 3*n + 169 = 0, 4*a = 2*a + 4*n - 134. Let l = a - -196. List the prime factors of l.
7, 17
Suppose -104 = -2*g - 56. Suppose -22*n = -g*n + 342. List the prime factors of n.
3, 19
Let l = 10 + 0. Let q be l/(-15)*(-9 - 0). Let b(m) = -m + 13. List the prime factors of b(q).
7
Let c(p) = 0*p**2 - 10 - 6*p - 3*p - p**2. Let u be c(-7). Suppose -d - u*d + 125 = 0. What are the prime factors of d?
5
List the prime factors of 6/(-36) - (-205)/6.
2, 17
Let v = -23 + 23. Suppose v = -2*h + 30 + 20. What are the prime factors of h?
5
Let u = -155 + 84. Let o(b) = 7*b**2 + 11*b + 3. Let p be o(-5). Let x = p + u. List the prime factors of x.
2, 13
List the prime factors of (-10)/6*891/(5 + -14).
3, 5, 11
Let r(f) = -320*f - 13. What are the prime factors of r(-1)?
307
Let v = -461 - -878. What are the prime factors of v?
3, 139
Let k(a) = 2*a**2 + 6*a - 17. Let x be k(-5). Suppose -2*v - j + 145 = -0*v, -224 = -x*v + 5*j. What are the prime factors of v?
73
Let p(u) = 54*u + 29. What are the prime factors of p(9)?
5, 103
Let w = -779 + 1310. List the prime factors of w.
3, 59
Let a(n) = -2*n + 23. Let u = -4 - -14. What are the prime factors of a(u)?
3
Suppose 9 - 3 = 2*b. Suppose 0*x = 4*x + 2*k, 4*k + 22 = b*x. Suppose x*a = -8, 3*n + 5*a + 33 = 130. List the prime factors of n.
3, 13
Let u(l) = -43*l**2 + 5. Let h be u(-2). Let d = h - -238. List the prime factors of d.
71
Suppose -20*m = -63*m + 182535. List the prime factors of m.
3, 5, 283
List the prime factors of (-3 - (-12 + 8)) + (176 - 0).
3, 59
Suppose 0 = g - 15 + 35. Let w = -9 - g. List the prime factors of w.
11
Let k(l) = -l**3 - 3*l**2 - 8. Let h(z) = z**3 + 3*z**2 + z + 8. Let f(b) = 4*h(b) + 5*k(b). Let j be f(-6). What are the prime factors of (-5)/(-15) + j/6?
13
What are the prime factors of 795*(-6)/(42/(-7))?
3, 5, 53
Suppose -4*b + 4*m = -1580, -2*b + 786 = -7*m + 6*m. Let o = b + -198. List the prime factors of o.
193
Suppose -4*o = 2*o - 72. Suppose o*n - 3*n = 2331. List the prime factors of n.
7, 37
Let t be ((-1656)/(-6))/(6/4). Let g = 260 - t. List the prime factors of g.
2, 19
Suppose -6 + 5 = j. What are the prime factors of -4 + j + 3 + 79?
7, 11
Suppose -12*t + 342 + 1134 = 0. Let p = 209 - t. What are the prime factors of p?
2, 43
Suppose 0 = 2*i + 7*i - 22311. List the prime factors of i.
37, 67
Let m(l) = 21*l - 16. Let s(v) = -43*v + 33. Let b(u) = 9*m(u) + 4*s(u). What are the prime factors of b(4)?
2, 7
Let o(n) = 3*n**2 - 2*n - 10. Let i be o(5). Suppose s + i = 4*s + 5*l, -5*l - 25 = -s. List the prime factors of s.
2, 5
Let m(j) be the third derivative of j**5/4 - j**4/12 + 3*j**3 - 41*j**2. What are the prime factors of m(-4)?
2, 7, 19
Suppose 10*c = 7048 + 2182. List the prime factors of c.
13, 71
Let l(q) = -q + 5. Let d be l(0). Suppose 247 = -d*f + 1537. What are the prime factors of f?
2, 3, 43
Suppose -15467 - 7423 = -21*s. List the prime factors of s.
2, 5, 109
Let f = 1591 - -543. List the prime factors of f.
2, 11, 97
Let d(i) = 8*i**2 + 4*i + 8. Suppose -p - 2*p = -5*x - 17, -4*p - 12 = 2*x. List the prime factors of d(x).
2, 3, 5
Su